en (57/12)/((-2)/(-8)) is divided by 4.
3
Let r = 47 + -24. Calculate the remainder when r is divided by 4.
3
Let a(y) = -y + 14. Let z be a(6). Calculate the remainder when 34 is divided by ((-6)/z)/((-7)/112).
10
Suppose -2*r = -19 - 15. Calculate the remainder when 48 is divided by r.
14
Calculate the remainder when 40 is divided by (-233)/(-11) + 26/(-143).
19
Let v(l) = l**2 - 21*l + 66. Calculate the remainder when v(21) is divided by 10.
6
Let i = 87 + -60. Let v = -3 + 67. Suppose -3*y - g = -40, 0*g = 5*y + 3*g - v. What is the remainder when i is divided by y?
13
Suppose -3*o = 5*o - 376. What is the remainder when o is divided by 10?
7
Let y(z) = z - 3*z + 6 - 4*z. Let l be y(-7). Let b = l - 32. Calculate the remainder when 31 is divided by b.
15
Suppose -g - 2*y + 6 = -2, g - 5*y = -6. Let i(d) = d**2 - d - 4. Calculate the remainder when 22 is divided by i(g).
6
Suppose 3*n - 5*v = 62, 4*n - 60 = -0*v + v. What is the remainder when 67 is divided by n?
11
Suppose 41 - 2 = 3*p. Suppose -5*u + 22 = -p. What is the remainder when 19 is divided by u?
5
Let r = 126 - 244. Let o = 169 + r. Suppose 33 = 3*p + 3*x, x = 3*p + 3*x - 35. Calculate the remainder when o is divided by p.
12
Let n(k) be the third derivative of 5*k**4/24 - k**3/3 + 3*k**2. Calculate the remainder when 21 is divided by n(2).
5
Let r = 43 - 29. Suppose f + 5*t = 61, -f + 9 = t - 36. Calculate the remainder when f is divided by r.
13
Let h(r) = r**3 + 5*r**2 - 3*r + 2. Let u(w) = w**3 - 5*w**2 - 3*w - 7. Let d be u(6). Let j = -2 + d. What is the remainder when h(-5) is divided by j?
8
Suppose 0 = -2*j - 33 + 111. Suppose -j = -2*o + 3*r, 0*r = -3*o - r + 42. What is the remainder when o is divided by 6?
3
Let m = 15 - 9. Suppose 5*k = 2*p - 0*p - 18, 24 = 5*p - 2*k. Calculate the remainder when m is divided by p.
2
Let t = 215 + -136. Suppose -3*n + 65 = z, 5*z - t = -4*n + 4. Calculate the remainder when n is divided by 6.
4
Suppose -f - l = 1, -7*l + 3*l = -2*f - 20. Let p(b) = -2*b + 5. Calculate the remainder when 4/8*74*1 is divided by p(f).
11
Suppose 4*k + 7 = -4*z + 35, 4*z = 3*k + 42. Let u = -93 - -23. Let i = -36 - u. What is the remainder when i is divided by z?
7
Let t(f) = -2*f - 7 - 3 + 1. Suppose -4*h = 3*r - 0*r + 38, -2*h + 20 = -5*r. What is the remainder when 5 is divided by t(r)?
2
Let m = -4 - -9. Suppose m*j - 87 = 2*j. Calculate the remainder when j is divided by 8/(-5)*1*-5.
5
Suppose -3*q - 252 = -6*q. Calculate the remainder when q is divided by 22.
18
Suppose j - 5 + 3 = 0. Suppose -j*v - 5*o - 36 = -v, -o = -4*v - 207. Let f = v - -79. Calculate the remainder when f is divided by 10.
8
Let l = -7 - -10. Let g = -42 + 53. Calculate the remainder when g is divided by l.
2
Let j(r) = -4*r - 1. Suppose -20 = -2*h + u, -2*u = 8 - 0. Calculate the remainder when j(-4) is divided by (h/10)/(1/10).
7
Suppose 3*k - 2*k - 30 = 0. Let d = -49 - -34. Let z = d + k. What is the remainder when z is divided by 8?
7
Let f = -1 - -2. Calculate the remainder when (f + -24)/(-1 - 0) is divided by 8.
7
Let h(l) = -7*l + 5. What is the remainder when 96 is divided by h(-4)?
30
Suppose d + 3*q = -q + 15, q = -5*d + 18. Suppose -d*g + 60 = 3*c, c + 4*c - g - 118 = 0. Calculate the remainder when 2 + (168/2)/2 is divided by c.
21
Let u = -4 - -13. Calculate the remainder when 15 is divided by 20/3 - 6/u.
3
Suppose 150 = 2*j + 3*j. What is the remainder when 87 is divided by j?
27
Let w(d) = -d + 4. Let l be w(2). Suppose l*a - 14 = -2*u, 0*a + a + 29 = 2*u. What is the remainder when u is divided by 5?
2
Let m be (0 + -20)*(-1)/(-2). Let u = -1 - m. Suppose -4*p + t = -53, 2*p + 4*t - t = u. Calculate the remainder when 22 is divided by p.
10
Let r be 0 + -1 - (-7 - -2). Suppose -5*u = w - 0*w, 2*u = -2. Suppose -w = -r*t + 3. What is the remainder when 5 is divided by t?
1
Let g(k) = -20*k**3 + k**2 - k - 2. Calculate the remainder when 39 is divided by g(-1).
19
Suppose 5*f + n + 0*n - 197 = 0, f - 34 = -2*n. Suppose 0*y = 4*y - f. Calculate the remainder when 47 is divided by y.
7
Suppose 8*l - 3*m - 135 = 5*l, -5*m = -25. Calculate the remainder when 92 is divided by l.
42
Let g(u) = -u**3 - 10*u**2 - 20*u - 2. Calculate the remainder when 116 is divided by g(-8).
26
Let b(x) = -3*x**2 - x + 3 - 3*x**3 - 6 + 4. Calculate the remainder when (2 - (-10)/(-15))*33 is divided by b(-2).
14
Let v = 32 + -9. Let s = v - 3. Calculate the remainder when 58 is divided by s.
18
Suppose 3*p = 9 - 0. What is the remainder when 5 is divided by p?
2
Let d(i) = i**2 - 4*i + 5. Let r(p) = p**2 - 24*p + 48. Calculate the remainder when r(0) is divided by d(6).
14
Let x(n) = -n**3 + 6*n**2 - 6*n + 3. Suppose 4*c - 100 = -5*v, -5*v - 13 = -2*c + 7. Calculate the remainder when c is divided by x(4).
9
Let z(q) = -q**3 + 3*q**2 + 4*q - 3. Let k be z(3). Suppose -4*v + k = -119. What is the remainder when v is divided by 7 + 1 + 9/3?
10
Suppose 0 = -4*q + k + 400, -4*q - k + 400 = 8. Calculate the remainder when q is divided by 25.
24
Let r(t) = t + 3. Suppose 0 = 3*x - 39 - 27. What is the remainder when x is divided by r(5)?
6
Let b be 16/(-6) + 6/9. Let t = 3 - -2. What is the remainder when ((-5)/(-2) - b)*2 is divided by t?
4
Let f(v) = -v**3 + 4*v**2 - 2*v + 4. Let l be f(3). Let o(x) = 3*x - 7. Calculate the remainder when 8/10*(5 + 45) is divided by o(l).
12
Suppose 2*p + 3*p - 140 = 0. Let u(j) = 3*j - 2. What is the remainder when p is divided by u(4)?
8
Suppose 2*g = 150 - 34. Calculate the remainder when g is divided by 12.
10
Let f be -3*(12/4)/(-3). What is the remainder when 5 is divided by -3*((-9)/f)/9?
0
Let j(s) = 3*s - 2. Suppose -1 = -x + 2. What is the remainder when 20 is divided by j(x)?
6
Let s(b) = b**2 + 3*b - 2. Let j be s(-4). Suppose -j*y - 53 = -275. What is the remainder when y is divided by 38?
35
What is the remainder when 70 is divided by (-24)/(-5)*15/3?
22
Let w(q) = 10*q**2 + 2*q - 2. Calculate the remainder when w(-2) is divided by (1 + 3/(-2))*-24.
10
Let j(i) = -i**2 + 8*i - 6. Let o be (2 - 20/6)*-3. Calculate the remainder when j(o) is divided by 6.
4
Let x be (-842)/(-4) + (-12)/24. Suppose -8 = 4*w, -d + 5*w - x = -6*d. Let s(a) = -5*a. What is the remainder when d is divided by s(-3)?
14
What is the remainder when 74 is divided by 10 - (1 - (-4 - -6))?
8
Suppose -2*w - 3*w - 4*r = -584, 343 = 3*w - 5*r. Calculate the remainder when w is divided by 17.
14
Suppose c = 2*r - 355, 2*r + 0*r + 2*c = 364. What is the remainder when r is divided by 9?
8
Let l = 26 - 15. Let n(d) = d**3 + 5*d**2 - 8*d - 1. Let w be n(-6). Suppose -5*g = 3*v - 2, -w = -v + 3*g - 1. What is the remainder when l is divided by v?
3
Suppose -7 = -2*f - 1. What is the remainder when 35 is divided by -2 + 1 + 22 - f?
17
Suppose -5*n = -3*n - 3*w - 80, 2*w = -n + 33. Suppose -12 = 4*z - 0*z. Let k = z + n. Calculate the remainder when k is divided by 18.
16
Let y = -835 + 849. Let x = 11 + -3. What is the remainder when y is divided by x?
6
Let j(l) = -l**2 - 2*l + 1. Let p be j(-8). Let k = -34 - p. What is the remainder when k is divided by 5?
3
Let c = -74 - -134. Suppose -4*w + 5*q + c = 5, w + 3*q = 1. What is the remainder when 17 is divided by w?
7
Let l(c) = c - 12. Let v be l(5). Let w = v - -13. What is the remainder when w is divided by 3?
0
Suppose -d + 162 = 3*m, -171 = -3*m + 2*d - 18. Calculate the remainder when m is divided by (-4)/(-6) - 52/(-3).
17
Suppose x - 93 - 46 = -4*b, 0 = -3*b - 5*x + 100. Let o = b - 19. What is the remainder when 46 is divided by o?
14
Let v(m) = -m - 4. Let s = -18 + 11. Let i be 2/(-7) - (-40)/s. What is the remainder when v(i) is divided by 1?
0
Let n = -3 + 5. What is the remainder when (1 + -9)*n*-1 is divided by 9?
7
Let i(q) = q**3 + q + 1. What is the remainder when 41 is divided by i(2)?
8
Suppose 11*f = 5*f + 330. Calculate the remainder when f is divided by 19.
17
Let w(h) = -h - 1. Let c be w(-6). Suppose 0 = 5*z - 30 - c. What is the remainder when 33 is divided by z?
5
Suppose 0 = -k - 3*k + 72. Let p = -12 - -22. What is the remainder when k is divided by p?
8
Let b be 5/(-10) + 7/2. Let i(t) = t**3 - 4*t**2 + t - 4. Let q be i(b). What is the remainder when (-259)/(-35) + 4/q is divided by 3?
1
Let f